ose 0 = 5*u - 3*f - 271, -274 = -2*u - 3*u + 2*f. Let c = u + 18. What are the prime factors of c?
2, 37
Let d = 6834 + -4862. List the prime factors of d.
2, 17, 29
Suppose 6*r = 1469 + 67. What are the prime factors of r?
2
Let j(l) = 8*l**2 + 2*l + 3. Let v(o) = -o + 8. Let n be v(5). Suppose 5*h + 4 = n*h. What are the prime factors of j(h)?
31
Let j be (-945)/18*12/(-9). Let h be (-11880)/j + 4/(-14). Let b = -102 - h. List the prime factors of b.
2, 17
Suppose -22*l + 18*l + 160 = 0. Suppose -5*i + l = -45. What are the prime factors of i?
17
List the prime factors of (17727/38)/((-3)/(-14)).
7, 311
Suppose 0 = 5*f + 2*g - 30, -4*f + 4*g - 12 = -64. Suppose f*o + 330 = 14*o. What are the prime factors of o?
5, 11
Let b(f) be the first derivative of 3*f**3 - 7*f**2 + 2*f - 12. What are the prime factors of b(2)?
2, 5
Suppose 0 = -5*z - 5*c + 35, -5*z + 53 = -c - 3*c. What are the prime factors of 1083/z - (-12)/(-9)?
7, 17
Let f be 30/10*(-2)/(-3). Suppose 59 = f*j - t - 102, 0 = 5*j - 4*t - 395. List the prime factors of j.
83
Suppose 2*c = -3*v + 3055, v + 5*c - 1035 = c. List the prime factors of v.
5, 7, 29
Let o(h) be the third derivative of 5/6*h**3 - 11*h**2 - 1/60*h**5 - 1/2*h**4 + 0*h + 0. What are the prime factors of o(-7)?
2, 5
Let v = 241 + -209. What are the prime factors of v?
2
Let y = -27 - -21. Let n = y + 59. List the prime factors of n.
53
Suppose 4*o = 2*g - 146, -3*o + g - 112 = 2*g. Let j = o + 124. Let q = -30 + j. List the prime factors of q.
3, 19
Let p(w) = -w. Let m(h) = -2*h**2 - 5*h + 2. Let g(q) = -m(q) - 4*p(q). What are the prime factors of g(-7)?
3, 11
Suppose -4*x = -x. Suppose x*b - 382 = 5*t + 2*b, -5*b - 309 = 4*t. Let a = t + 150. List the prime factors of a.
2, 37
Suppose -5*h + 3*x + 12587 = 0, 5*h - 14430 + 1863 = -2*x. What are the prime factors of h?
5, 503
Suppose l - 4044 = h - 496, 0 = 3*l + 2*h - 10619. What are the prime factors of l?
3, 1181
Let p be (12/15)/(1/5). Suppose -p*a - 5*g = -68, 4*a = g - 5*g + 68. List the prime factors of a.
17
Let h(f) = f**2 - 4*f - 7. Let c be ((-35)/(-15))/((-2)/(-6)). List the prime factors of h(c).
2, 7
Let g(w) = 36*w + 1. List the prime factors of g(1).
37
Suppose 3*m - 8 = -5*l + 11, -m = 2*l - 7. Suppose 0 = -2*s + 2*r + 119 - 41, -l*r + 54 = s. What are the prime factors of s?
2, 11
Suppose 0*a - 26404 = -28*a. List the prime factors of a.
23, 41
Let t = -3 - -10. Suppose 5 = 4*m - t. What are the prime factors of m?
3
List the prime factors of 183*(4/3 - 0).
2, 61
Suppose 239*s = 255*s - 23440. What are the prime factors of s?
5, 293
Let c = 160 - 156. Suppose 5*n - 16 = -3*k, 4 = -3*k - 0*k + 5*n. Suppose c = 4*v - k*v. What are the prime factors of v?
2
Let d(y) = 3*y**2 - 36*y + 3. Let a be d(12). Suppose -a*h + 139 = -392. What are the prime factors of h?
3, 59
Suppose 2*n + o - 416 = -163, -4*n + 4*o + 500 = 0. Let i = 229 - n. What are the prime factors of i?
103
Suppose -n = -17 + 14. Let g(c) = 2*c**3 - 3*c**2 - 3*c + 3. Let z be g(n). Suppose z*y = 20*y + 82. List the prime factors of y.
2, 41
Let k(y) = 17*y + 87. List the prime factors of k(-3).
2, 3
Let i(g) = -5*g + 2. Let w be i(10). Let t = 50 + w. List the prime factors of t.
2
Let u = -17 - -9. Let v be u/(-28) + 78/21. Suppose -g = v*y - 49, g - 43 = -3*y + 2*y. What are the prime factors of g?
41
Suppose -x + 2*u = -177 - 70, 4*x = 5*u + 1003. List the prime factors of x.
257
Let l(n) = 8*n**3 + n**2 + 2. List the prime factors of l(3).
227
Let n be 56 + 1*0/5. Suppose n = 2*l + 3*i, -4*i - i - 156 = -4*l. What are the prime factors of l?
2, 17
What are the prime factors of (116/6)/((203/(-126))/(-29))?
2, 3, 29
Suppose w - 14 = 5*d + 150, 2*d = -5*w + 766. Suppose f - w = -2*q - 54, 4*q = 4*f - 352. List the prime factors of f.
2, 23
Let d(k) be the second derivative of -k**4/12 - 11*k**3/6 + 6*k**2 + 12*k. Let w = -1 + -7. List the prime factors of d(w).
2, 3
Let f(x) = -11*x + 13. Let o(l) = -5*l + 6. Let g(d) = -2*f(d) + 5*o(d). Let b be g(4). What are the prime factors of (12/b)/(2/(-24))?
2, 3
Let k(p) = p**3 - p**2 + 3*p - 2. Let b be k(4). Let j = -25 + b. List the prime factors of j.
3, 11
Let z(t) = 52*t + 314. List the prime factors of z(19).
2, 3, 7, 31
Suppose -j + 3 = z + z, 7 = 4*z + j. Suppose -4*n + o + 23 = 0, -n + z*o - 14 = -5*n. Suppose -k - 58 = -n*s - 19, 3*k = 3*s - 21. List the prime factors of s.
2
Let j(u) = 19*u - 14. Let x(s) = -39*s + 28. Let d(a) = -11*j(a) - 6*x(a). What are the prime factors of d(8)?
2, 3, 31
Suppose -x + 0*x - 5*y + 64 = 0, 4*y = 2*x - 86. Let d = -3 + x. What are the prime factors of -1 + d + -5 + 4?
2, 11
Suppose 0*h + 2*h - 6 = 0. Suppose -2*o + 6 = 2*a - 36, 2*a = h*o - 78. Suppose 0 = -2*c + 104 - o. List the prime factors of c.
2, 5
Let t(b) = 14*b + 29. What are the prime factors of t(9)?
5, 31
Let q be -102*(50/15)/2. List the prime factors of q/4*48/(-60).
2, 17
Let n = -86 + 191. Suppose -3*v = -39 - n. Suppose -3*p + 2*x + 50 = 0, -4*p + 2*x = -v - 22. List the prime factors of p.
2, 5
Suppose -4*k - 62 + 22 = 0. Let t = k + -53. Let d = t - -111. List the prime factors of d.
2, 3
List the prime factors of (4/(-2) + 6)*(117 - -13).
2, 5, 13
Suppose 0 = i - 2*u + 120, 2*i - 2*u = -i - 340. Let v = i - -136. List the prime factors of v.
2, 13
Let d(w) = w**3 - 12*w**2 + 3. Let q be d(12). Suppose 0 = -4*b + 2*c + 22, -q*c + c = 4*b - 18. List the prime factors of b + (-2 - 1)/3.
2
Let o = -1445 - -5058. List the prime factors of o.
3613
Let m(i) = i**2 + 22*i - 20. Let w = 104 + -96. What are the prime factors of m(w)?
2, 5, 11
What are the prime factors of 2 - (747/(-6) + 6)*4?
2, 7, 17
Suppose 1315 = 4*k + 3*o, 549 = 3*k - o - 421. Suppose k = 3*b - 413. What are the prime factors of b?
2, 3, 41
Let u = 1748 + -912. List the prime factors of u.
2, 11, 19
Let y = 3 - 23. What are the prime factors of y/6*1/((-14)/483)?
5, 23
Let y be 0/1 + 36 - -2. Suppose 5*b = -y - 7. Let j = 14 - b. List the prime factors of j.
23
Let u = -25 - -27. Suppose -2*a = u*a - 168. What are the prime factors of a?
2, 3, 7
Suppose 235 + 531 = 2*x - 3*j, -x - 2*j = -390. List the prime factors of x.
2, 193
Let w be 3*(-8)/(-180) + 317/(-15). Let o(t) = 3*t**2 + 59*t - 9. What are the prime factors of o(w)?
3, 5
Suppose 0 = 2*t + 7*d - 3*d - 1084, 5*t - 2766 = 4*d. List the prime factors of t.
2, 5, 11
Suppose -4 - 16 = -10*p. Let d(h) = 49*h - 1. What are the prime factors of d(p)?
97
Let f(i) = -49*i + 81. List the prime factors of f(-27).
2, 3, 13
Suppose -19 = -3*j - 5*i, -j - 7 = 5*i - 10*i. List the prime factors of 2/((-21)/(-243)*35 - j).
3
Let l(q) = -q + 6. Let f be l(2). What are the prime factors of (-79 + -3 + f)/(-1)?
2, 3, 13
Let d be (10/(-25))/(3/(-30)). Suppose -d*r + 235 = 83. Suppose -12 = f - r. List the prime factors of f.
2, 13
Suppose 14*s + 1088 = 18*s. What are the prime factors of s?
2, 17
Let o(u) = u + 55. Let w be ((-46)/8)/(-2 - 7/(-4)). What are the prime factors of o(w)?
2, 3, 13
Let y = 4 + 0. Suppose -3*z = y + 5. Let o(h) = -h**3 - 3*h**2 - 4*h - 3. List the prime factors of o(z).
3
Suppose -83 - 151 = -2*u - j, -4*j - 373 = -3*u. List the prime factors of u.
7, 17
Suppose -5*p + 2*l + 195 = 0, 3*p - 5*l - 93 = 24. Let y = p - 32. Suppose 162 + 55 = y*s. List the prime factors of s.
31
Let i be ((-24)/(-8))/(-2 - 191/(-94)). Suppose n - i = 12. What are the prime factors of n?
2, 53
Let i = 29 - 9. Suppose i = 2*a + 4*v, 6*v = -5*a + v + 70. List the prime factors of a.
2, 3
Suppose -9*p = -10*p - 4*u + 3413, 3*u = -3*p + 10230. List the prime factors of p.
7, 487
Let b = 1200 - 284. List the prime factors of b.
2, 229
Let q(n) be the second derivative of 1/20*n**5 - 3/4*n**4 - 13/2*n**2 - 4/3*n**3 + 3*n + 0. List the prime factors of q(10).
7
Let f be 222 + (4 + -3 - 2). Suppose f = -5*u - 4*w, -78 - 149 = 5*u - 2*w. Let x = 1 - u. List the prime factors of x.
2, 23
Let d(l) = 20*l**2 + 18*l - 12. List the prime factors of d(-7).
2, 421
Let d = 179 - 128. Let t be 28/6*(-24)/4. Let b = d + t. What are the prime factors of b?
23
Suppose -17 = -3*b - 5*z, 0 = b - 2*b - z + 5. Suppose y + 15 = b*y. Suppose -3*u + k + 120 + 35 = 0, -75 = -u + y*k. List the prime factors of u.
2, 5
List the prime factors o